
In base 4, what is -20132310 + -10?
-20132320
In base 2, what is 100011010 + 1111000?
110010010
In base 14, what is -4 + -2c4?
-2c8
In base 12, what is 0 - -50?
50
In base 12, what is -b6 + 3?
-b3
In base 3, what is 101 - -11?
112
In base 10, what is 350 - -4?
354
In base 2, what is -111001 + -10011?
-1001100
In base 3, what is -1012120 + -2?
-1012122
In base 5, what is 10 + 30432?
30442
In base 10, what is -2511 + 4?
-2507
In base 2, what is -11001111 - -1011?
-11000100
In base 13, what is 913 - -2?
915
In base 5, what is 1 - -23413?
23414
In base 7, what is -5 - -131?
123
In base 6, what is -103 - -134?
31
In base 5, what is 3 - -43132?
43140
In base 7, what is 41 + -2?
36
In base 16, what is 1 - 47?
-46
In base 13, what is 3 + 29?
2c
In base 10, what is -1293 + -2?
-1295
In base 9, what is -664 + 5?
-658
In base 11, what is 415 - -5?
41a
In base 3, what is 1001 - 10?
221
In base 16, what is 3 + 282?
285
In base 10, what is 702 + 0?
702
In base 9, what is -1016 + 23?
-883
In base 9, what is 3 + -4332?
-4328
In base 5, what is -21222 + -3?
-21230
In base 2, what is 110001100 - 10?
110001010
In base 11, what is 1a8 + -23?
185
In base 10, what is 63 - 5?
58
In base 11, what is -5 - -42?
38
In base 8, what is -1414 - 1?
-1415
In base 3, what is 210 + -2022?
-1112
In base 12, what is 64a + a?
658
In base 16, what is b9 + 92?
14b
In base 11, what is -2 - 916?
-918
In base 9, what is -111 - -4?
-106
In base 11, what is -1 + 68?
67
In base 4, what is -2 - 1010?
-1012
In base 11, what is -3 + -a8?
-100
In base 11, what is 231 - 0?
231
In base 4, what is -21 + 1031?
1010
In base 16, what is 48f - 4?
48b
In base 4, what is 3212 + 1?
3213
In base 8, what is -3 - 172?
-175
In base 8, what is -76 + 3?
-73
In base 9, what is -10843 - -4?
-10838
In base 6, what is -222 - -1?
-221
In base 9, what is 304 - -87?
402
In base 11, what is -1 + 193?
192
In base 7, what is -5 + -126?
-134
In base 8, what is 37 - 106?
-47
In base 13, what is 3 - -b98?
b9b
In base 2, what is -11101010 + -11?
-11101101
In base 12, what is -35 - -8?
-29
In base 5, what is -2 + -104?
-111
In base 12, what is 23 - -2?
25
In base 6, what is 3114 - -5?
3123
In base 16, what is 1 - a4?
-a3
In base 3, what is -1010 + 120?
-120
In base 12, what is 36 + -84?
-4a
In base 6, what is 2 - -42?
44
In base 12, what is -1 + 73?
72
In base 3, what is 2102210012 + -2?
2102210010
In base 6, what is -3 + -442?
-445
In base 11, what is 301 - 3?
2a9
In base 7, what is -153 - -64?
-56
In base 14, what is 45 + d?
54
In base 15, what is -9 - b?
-15
In base 2, what is 11011 - 10?
11001
In base 8, what is -341 + 3?
-336
In base 4, what is 0 + -333?
-333
In base 9, what is 118 - 0?
118
In base 9, what is 215 + -1?
214
In base 16, what is -4e + -1?
-4f
In base 3, what is -11010 - -20?
-10220
In base 12, what is 3 + 64?
67
In base 6, what is 3123 + 3?
3130
In base 5, what is 2 + -3401?
-3344
In base 10, what is 2 + 1182?
1184
In base 11, what is -3 - -36?
33
In base 4, what is 10 + 213?
223
In base 2, what is -100000100000 + 100?
-100000011100
In base 2, what is 111001000011 - 10?
111001000001
In base 16, what is -3 - 1b0?
-1b3
In base 3, what is 1010 - -12?
1022
In base 10, what is -19 - 3?
-22
In base 7, what is -150 + -11?
-161
In base 13, what is -21 + -10?
-31
In base 6, what is -124 + -12?
-140
In base 10, what is -2 + 157?
155
In base 5, what is -233 - 2?
-240
In base 2, what is -11 + 100?
1
In base 15, what is -13 + -1a?
-2d
In base 7, what is -31 - 46?
-110
In base 5, what is 33340 + 10?
33400
In base 9, what is 1476 + -4?
1472
In base 11, what is -14 - 83?
-97
In base 10, what is 1 - -84?
85
In base 7, what is 5 - -11234?
11242
In base 14, what is -3 + -16c?
-171
In base 8, what is -26 - 4?
-32
In base 11, what is 9 - 23?
-15
In base 5, what is 4 - 2013?
-2004
In base 8, what is 34 + 45?
101
In base 11, what is 3 - -a04?
a07
In base 14, what is -40 + -67?
-a7
In base 6, what is 104 + -10?
54
In base 4, what is -13 + 22?
3
In base 15, what is 19 + 52?
6b
In base 11, what is -1 + 1155?
1154
In base 15, what is 0 - 36b?
-36b
In base 13, what is 2 - 7?
-5
In base 15, what is 7 + 1?
8
In base 7, what is 2035 + -3?
2032
In base 6, what is -2430 - -5?
-2421
In base 16, what is -73 + -13?
-86
In base 14, what is -30 - 1c?
-4c
In base 13, what is b + 46a?
478
In base 5, what is 1440 + 200?
2140
In base 14, what is -36 + 0?
-36
In base 7, what is 2 - -403?
405
In base 13, what is -28c + -3?
-292
In base 8, what is 203 + 4?
207
In base 3, what is 10200 - 11?
10112
In base 15, what is 24 - 6?
1d
In base 5, what is -4 + 10223?
10214
In base 7, what is -2 - 4440?
-4442
In base 15, what is -2 - 703?
-705
In base 8, what is 51 + 1?
52
In base 15, what is 4a - -2?
4c
In base 13, what is -449 - 5?
-451
In base 2, what is 11 - -11000010?
11000101
In base 12, what is -88 - 2?
-8a
In base 5, what is -10 - -4400?
4340
In base 5, what is 14 - 104221?
-104202
In base 10, what is 1 + 174?
175
In base 15, what is 85 - -6?
8b
In base 10, what is 23 + -6?
17
In base 13, what is 34 + 8?
3c
In base 5, what is 0 + -1110?
-1110
In base 13, what is 0 + 2b?
2b
In base 15, what is -68b + 3?
-688
In base 2, what is 10 + -10000101011?
-10000101001
In base 3, what is -22 - -211?
112
In base 13, what is -2 - 159?
-15b
In base 14, what is 4 - -21?
25
In base 8, what is -36 - -22?
-14
In base 10, what is 4105 - -1?
4106
In base 12, what is 3 - -9b?
a2
In base 16, what is 0 + -5b?
-5b
In base 4, what is -11 - 11132?
-11203
In base 6, what is -4 - 20?
-24
In base 4, what is -1020311 + 1?
-1020310
In base 16, what is 2 - 14d?
-14b
In base 3, what is -11002 - 1?
-11010
In base 7, what is 51 + -131?
-50
In base 6, what is 1000 + 130?
1130
In base 9, what is 1 + 2522?
2523
In base 3, what is 110000 + -2?
102221
In base 10, what is -4 - 883?
-887
In base 12, what is -10b + 1?
-10a
In base 13, what is -4b - 4?
-52
In base 2, what is -101 + -1100?
-10001
In base 15, what is -3 - 3e?
-42
In base 15, what is -a + 352?
347
In base 6, what is 3 + -35?
-32
In base 13, what is -99 - 7?
-a3
In base 4, what is 1331311 + -10?
1331301
In base 6, what is -1155 + -4?
-1203
In base 12, what is 31ab + 4?
31b3
In base 13, what is 13 - -504?
517
In base 7, what is -3166 - -3?
-3163
In base 4, what is 23 + -30?
-1
In base 5, what is 3 - -20302?
20310
In base 14, what is 0 - -7?
7
In base 9, what is 7 + 286?
304
In base 13, what is 21 - 0?
21
In base 10, what is 6 - -472?
478
In base 9, what is -521 - 4?
-525
In base 8, what is -12 - 565?
-577
In base 13, what is 3 + -480?
-47a
In base 12, what is 23 - -85?
a8
In base 6, what is -1432 - 5?
-1441
In base 12, what is 5 + -114?
-10b
In base 14, what is 96 - -4?
9a
In base 9, what is 2 - -51?
53
In base 4, what is 1 - 10300?
-10233
In base 16, what is 22 - -8?
2a
In base 4, what is 2 + -201?
-133
In base 10, what is 15 - 2?
13
In base 15, what is -d3 - -6?
-cc
In base 7, what is 4 + 613?
620
In base 10, what is -7 + -2734?
-2741
In base 10, what is 3 - 1058?
-1055
In base 16, what is 3aa + -2?
3a8
In base 13, what is 2 + 104?
106
In base 13, what is 43c - 0?
43c
In base 16, what is 70 + 2?
72
In base 8, what is 0 - 166?
-166
In base 3, what is 210 + 12222?
20202
In base 8, what is 3 + 2314?
2317
In base 10, what is -14 - 13?
-27
In base 10, what is 2 - 148?
-146
In base 14, what is 13 + -74?
-61
In base 5, what is -10 - 1001?
-1011
In base 2, what is -10 - -110011?
110001
In base 16, what is 1a9 + -2?
1a7
In base 13, what is -1 - -14a?
149
In base 4, what is -2213 + -3?
-2222
In base 12, what is 2 - 23b?
-239
In base 16, what is -3 - b1a?
-b1d
In base 8, what is -366 - -3?
-363
In base 5, what is -2 + 1242?
1240
In base 2, what is -111 + 1111?
1000
In base 5, what is -1 + -2110?
-2111
In base 12, what is -3 + 23a?
237
In base 6, what is 5 - 1120?
-1111
In base 6, what is -11 - 141?
-152
In base 5, what is -2 - -14440?
14433
In base 10, what is -11 - -8?
-3
In base 14, what is 1c + 1?
1d
In base 7, what is 1142 + 34?
1206
In base 14, what is -592 + 2?
-590
In base 12, what is 1 - -14?
15
In base 4, what is 221030 - 2?
221022
In base 14, what is 10 + 387?
397
In base 10, what is 149 - -5?
154
In base 6, what is -1 - 23303?
-23304
In base 3, what is 2222 + 110220?
120212
In base 7, what is 3461 + 6?
3500
In base 12, what 